{"id":109320,"date":"2024-08-28T00:46:40","date_gmt":"2024-08-27T22:46:40","guid":{"rendered":"https:\/\/one-horizon.ch\/product\/margelisch-milena-1-sac-a-bandouliere\/"},"modified":"2026-04-07T23:02:59","modified_gmt":"2026-04-07T21:02:59","slug":"margelisch-milena-1-sac-a-bandouliere","status":"publish","type":"product","link":"https:\/\/one-horizon.ch\/fr\/product\/margelisch-milena-1-sac-a-bandouliere\/","title":{"rendered":"Milena 1"},"content":{"rendered":"<p>Pr\u00e9parez-vous \u00e0 partir en voyage avec style et confort gr\u00e2ce au sac \u00e0 bandouli\u00e8re Milena 1 de Margelisch. Ce sac non seulement fonctionnel, mais aussi tr\u00e8s tendance, au look de sac de selle classique, est le compagnon id\u00e9al de tout un chacun au quotidien. <\/p>\n<p>&nbsp;<\/p>\n<p><strong>Dimensions et poids<\/strong><\/p>\n<p>Avec une taille id\u00e9ale de 25 x 20 x 9 cm et un poids plume de seulement 420 g, Milena 1 offre suffisamment d&#8217;espace sans devenir un fardeau. Son volume de 4,5 litres vous permet de ranger confortablement vos essentiels quotidiens. <\/p>\n<p>&nbsp;<\/p>\n<p><strong>Mat\u00e9riau<\/strong><\/p>\n<p>L&#8217;ext\u00e9rieur du sac est en toile coated, imperm\u00e9able gr\u00e2ce \u00e0 une fine couche de PU. \u00c0 l&#8217;int\u00e9rieur, un poly-coton robuste assure la s\u00e9curit\u00e9 et la protection de vos affaires. Cette combinaison de mat\u00e9riaux garantit la durabilit\u00e9 et la r\u00e9sistance aux intemp\u00e9ries.  <\/p>\n<p>&nbsp;<\/p>\n<p><strong>Design et fonction<\/strong><\/p>\n<p>Le Milena 1 se caract\u00e9rise par un design de sac de selle intemporel et des fonctionnalit\u00e9s modernes. Outre un int\u00e9rieur bien agenc\u00e9 avec deux poches et un compartiment zipp\u00e9, il est dot\u00e9 d&#8217;une bandouli\u00e8re r\u00e9glable et d&#8217;une fermeture rapide G-hook tr\u00e8s pratique. Ce design \u00e9l\u00e9gant permet de garder vos objets bien rang\u00e9s et en s\u00e9curit\u00e9.  <\/p>\n<p>&nbsp;<\/p>\n<p><strong>Garantie de qualit\u00e9<\/strong><\/p>\n<p>Le sac \u00e0 bandouli\u00e8re est fabriqu\u00e9 \u00e0 la main et provient d&#8217;une usine de production certifi\u00e9e BSCI et T\u00dcV Rheinland. Cela garantit non seulement une qualit\u00e9 \u00e9lev\u00e9e du produit, mais t\u00e9moigne \u00e9galement du respect de normes \u00e9thiques dans la production. <\/p>\n<p>&nbsp;<\/p>\n<p><strong>Polyvalence d&#8217;utilisation<\/strong><\/p>\n<p>Que ce soit pour aller au bureau, pour se promener en ville ou pour voyager, le Milena 1 de Margelisch est un sac polyvalent qui allie \u00e9l\u00e9gamment fonctionnalit\u00e9 et design tendance.<\/p>\n<p>&nbsp;<\/p>\n<p>Choisissez le sac \u00e0 bandouli\u00e8re Margelisch Milena 1 et d\u00e9couvrez la combinaison id\u00e9ale entre style, fonctionnalit\u00e9 et durabilit\u00e9. Commandez d\u00e8s maintenant et enrichissez votre quotidien d&#8217;un compagnon fiable et styl\u00e9 ! <\/p>\n","protected":false},"excerpt":{"rendered":"<p>D\u00e9couvrez le Milena 1 de Margelisch : un sac \u00e0 bandouli\u00e8re \u00e9l\u00e9gant au design de sac de selle, en toile imperm\u00e9able. Parfait pour le quotidien avec un volume de 4,5 L, fabriqu\u00e9 \u00e0 la main et durable. <\/p>\n","protected":false},"featured_media":106639,"comment_status":"open","ping_status":"closed","template":"","meta":{"_acf_changed":false},"product_brand":[3019],"product_cat":[2519],"product_tag":[3295],"class_list":{"0":"post-109320","1":"product","2":"type-product","3":"status-publish","4":"has-post-thumbnail","6":"product_brand-margelisch","7":"product_cat-sac-a-bandouliere","8":"product_tag-pour-vous","9":"product_shipping_class-colis-jusqua-2-kg","10":"pa_farbe-noir","11":"pa_farbe-taupe-fonce","12":"pa_farbe-vin","14":"first","15":"onbackorder","16":"taxable","17":"shipping-taxable","18":"purchasable","19":"product-type-variable"},"acf":[],"_links":{"self":[{"href":"https:\/\/one-horizon.ch\/fr\/wp-json\/wp\/v2\/product\/109320","targetHints":{"allow":["GET"]}}],"collection":[{"href":"https:\/\/one-horizon.ch\/fr\/wp-json\/wp\/v2\/product"}],"about":[{"href":"https:\/\/one-horizon.ch\/fr\/wp-json\/wp\/v2\/types\/product"}],"replies":[{"embeddable":true,"href":"https:\/\/one-horizon.ch\/fr\/wp-json\/wp\/v2\/comments?post=109320"}],"wp:featuredmedia":[{"embeddable":true,"href":"https:\/\/one-horizon.ch\/fr\/wp-json\/wp\/v2\/media\/106639"}],"wp:attachment":[{"href":"https:\/\/one-horizon.ch\/fr\/wp-json\/wp\/v2\/media?parent=109320"}],"wp:term":[{"taxonomy":"product_brand","embeddable":true,"href":"https:\/\/one-horizon.ch\/fr\/wp-json\/wp\/v2\/product_brand?post=109320"},{"taxonomy":"product_cat","embeddable":true,"href":"https:\/\/one-horizon.ch\/fr\/wp-json\/wp\/v2\/product_cat?post=109320"},{"taxonomy":"product_tag","embeddable":true,"href":"https:\/\/one-horizon.ch\/fr\/wp-json\/wp\/v2\/product_tag?post=109320"}],"curies":[{"name":"wp","href":"https:\/\/api.w.org\/{rel}","templated":true}]}}

<p>Préparez-vous à partir en voyage avec style et confort grâce au sac à bandoulière Milena 1 de Margelisch. Ce sac non seulement fonctionnel, mais aussi très tendance, au look de sac de selle classique, est le compagnon idéal de tout un chacun au quotidien. </p>
<p>&nbsp;</p>
<p><strong>Dimensions et poids</strong></p>
<p>Avec une taille idéale de 25 x 20 x 9 cm et un poids plume de seulement 420 g, Milena 1 offre suffisamment d&#8217;espace sans devenir un fardeau. Son volume de 4,5 litres vous permet de ranger confortablement vos essentiels quotidiens. </p>
<p>&nbsp;</p>
<p><strong>Matériau</strong></p>
<p>L&#8217;extérieur du sac est en toile coated, imperméable grâce à une fine couche de PU. À l&#8217;intérieur, un poly-coton robuste assure la sécurité et la protection de vos affaires. Cette combinaison de matériaux garantit la durabilité et la résistance aux intempéries.  </p>
<p>&nbsp;</p>
<p><strong>Design et fonction</strong></p>
<p>Le Milena 1 se caractérise par un design de sac de selle intemporel et des fonctionnalités modernes. Outre un intérieur bien agencé avec deux poches et un compartiment zippé, il est doté d&#8217;une bandoulière réglable et d&#8217;une fermeture rapide G-hook très pratique. Ce design élégant permet de garder vos objets bien rangés et en sécurité.  </p>
<p>&nbsp;</p>
<p><strong>Garantie de qualité</strong></p>
<p>Le sac à bandoulière est fabriqué à la main et provient d&#8217;une usine de production certifiée BSCI et TÜV Rheinland. Cela garantit non seulement une qualité élevée du produit, mais témoigne également du respect de normes éthiques dans la production. </p>
<p>&nbsp;</p>
<p><strong>Polyvalence d&#8217;utilisation</strong></p>
<p>Que ce soit pour aller au bureau, pour se promener en ville ou pour voyager, le Milena 1 de Margelisch est un sac polyvalent qui allie élégamment fonctionnalité et design tendance.</p>
<p>&nbsp;</p>
<p>Choisissez le sac à bandoulière Margelisch Milena 1 et découvrez la combinaison idéale entre style, fonctionnalité et durabilité. Commandez dès maintenant et enrichissez votre quotidien d&#8217;un compagnon fiable et stylé ! </p>

<p>Découvrez le Milena 1 de Margelisch : un sac à bandoulière élégant au design de sac de selle, en toile imperméable. Parfait pour le quotidien avec un volume de 4,5 L, fabriqué à la main et durable. </p>
