{"id":110992,"date":"2024-09-04T17:49:37","date_gmt":"2024-09-04T15:49:37","guid":{"rendered":"https:\/\/one-horizon.ch\/?post_type=product&#038;p=110992"},"modified":"2026-04-06T18:51:24","modified_gmt":"2026-04-06T16:51:24","slug":"remember-korbtasche","status":"publish","type":"product","link":"https:\/\/one-horizon.ch\/fr\/product\/remember-korbtasche\/","title":{"rendered":"Sac en osier"},"content":{"rendered":"<p><strong>UN SENTIMENT D&#8217;\u00c9T\u00c9 TOUTE L&#8217;ANN\u00c9E : UN SAC EN OSIER \u00c9L\u00c9GANT AVEC DES ANSES CONTRAST\u00c9ES<\/strong><\/p>\n<p>Mettez de l&#8217;ambiance estivale dans votre quotidien ! Notre sac en osier d\u00e9contract\u00e9 apporte une touche d&#8217;originalit\u00e9 \u00e0 toutes vos tenues, et rompt avec les looks les plus classiques de mani\u00e8re ludique. <\/p>\n<p>&nbsp;<\/p>\n<p><strong>UN COMPAGNON POLYVALENT POUR TOUTES LES OCCASIONS<\/strong><\/p>\n<p>Que vous soyez en ville, \u00e0 la plage ou en train de faire du shopping, ce sac spacieux est votre compagnon id\u00e9al au quotidien. Avec suffisamment d&#8217;espace pour tout ce qui est important, de l&#8217;ordinateur portable au pull de rechange, il s&#8217;adapte sans effort \u00e0 votre style de vie. <\/p>\n<p>&nbsp;<\/p>\n<p><strong>HIGHLIGHTS :<\/strong><\/p>\n<ul>\n<li>V\u00e9ritable accroche-regard : longues anses de couleurs contrast\u00e9es<\/li>\n<li>Port confortable sur l&#8217;\u00e9paule<\/li>\n<li>Fermeture pratique par bouton-pression pour vos objets de valeur<\/li>\n<li>Diff\u00e9rentes combinaisons de couleurs attrayantes disponibles<\/li>\n<li>Un volume int\u00e9rieur g\u00e9n\u00e9reux pour tous vos essentiels<\/li>\n<\/ul>\n<p>&nbsp;<\/p>\n<p><strong>D\u00c9TAILS :<\/strong><\/p>\n<ul>\n<li>Mat\u00e9riau ext\u00e9rieur : 100% paille de papier pour un look estival authentique<\/li>\n<li>Doublure int\u00e9rieure : 100% coton pour un confort optimal<\/li>\n<li>Poign\u00e9e : 100% polyester pour une grande durabilit\u00e9<\/li>\n<\/ul>\n<p>&nbsp;<\/p>\n<p>Ajoutez une touche de vacances \u00e0 votre quotidien avec ce sac en osier tr\u00e8s tendance !<\/p>\n","protected":false},"excerpt":{"rendered":"<p>Sac en osier \u00e9l\u00e9gant avec des anses color\u00e9es contrast\u00e9es pour un style estival toute l&#8217;ann\u00e9e. Un compagnon spacieux pour la ville, la plage et le shopping &#8211; il offre de la place pour tout ce qui est important et se porte confortablement \u00e0 l&#8217;\u00e9paule. <\/p>\n","protected":false},"featured_media":111009,"comment_status":"open","ping_status":"closed","template":"","meta":{"_acf_changed":false},"product_brand":[3039],"product_cat":[1299],"product_tag":[],"class_list":{"0":"post-110992","1":"product","2":"type-product","3":"status-publish","4":"has-post-thumbnail","6":"product_brand-remember","7":"product_cat-sacs-et-bagages","8":"product_shipping_class-colis-jusqua-10-kg","10":"first","11":"onbackorder","12":"taxable","13":"shipping-taxable","14":"purchasable","15":"product-type-variable"},"acf":[],"_links":{"self":[{"href":"https:\/\/one-horizon.ch\/fr\/wp-json\/wp\/v2\/product\/110992","targetHints":{"allow":["GET"]}}],"collection":[{"href":"https:\/\/one-horizon.ch\/fr\/wp-json\/wp\/v2\/product"}],"about":[{"href":"https:\/\/one-horizon.ch\/fr\/wp-json\/wp\/v2\/types\/product"}],"replies":[{"embeddable":true,"href":"https:\/\/one-horizon.ch\/fr\/wp-json\/wp\/v2\/comments?post=110992"}],"wp:featuredmedia":[{"embeddable":true,"href":"https:\/\/one-horizon.ch\/fr\/wp-json\/wp\/v2\/media\/111009"}],"wp:attachment":[{"href":"https:\/\/one-horizon.ch\/fr\/wp-json\/wp\/v2\/media?parent=110992"}],"wp:term":[{"taxonomy":"product_brand","embeddable":true,"href":"https:\/\/one-horizon.ch\/fr\/wp-json\/wp\/v2\/product_brand?post=110992"},{"taxonomy":"product_cat","embeddable":true,"href":"https:\/\/one-horizon.ch\/fr\/wp-json\/wp\/v2\/product_cat?post=110992"},{"taxonomy":"product_tag","embeddable":true,"href":"https:\/\/one-horizon.ch\/fr\/wp-json\/wp\/v2\/product_tag?post=110992"}],"curies":[{"name":"wp","href":"https:\/\/api.w.org\/{rel}","templated":true}]}}

<p><strong>UN SENTIMENT D&#8217;ÉTÉ TOUTE L&#8217;ANNÉE : UN SAC EN OSIER ÉLÉGANT AVEC DES ANSES CONTRASTÉES</strong></p>
<p>Mettez de l&#8217;ambiance estivale dans votre quotidien ! Notre sac en osier décontracté apporte une touche d&#8217;originalité à toutes vos tenues, et rompt avec les looks les plus classiques de manière ludique. </p>
<p>&nbsp;</p>
<p><strong>UN COMPAGNON POLYVALENT POUR TOUTES LES OCCASIONS</strong></p>
<p>Que vous soyez en ville, à la plage ou en train de faire du shopping, ce sac spacieux est votre compagnon idéal au quotidien. Avec suffisamment d&#8217;espace pour tout ce qui est important, de l&#8217;ordinateur portable au pull de rechange, il s&#8217;adapte sans effort à votre style de vie. </p>
<p>&nbsp;</p>
<p><strong>HIGHLIGHTS :</strong></p>
<ul>
<li>Véritable accroche-regard : longues anses de couleurs contrastées</li>
<li>Port confortable sur l&#8217;épaule</li>
<li>Fermeture pratique par bouton-pression pour vos objets de valeur</li>
<li>Différentes combinaisons de couleurs attrayantes disponibles</li>
<li>Un volume intérieur généreux pour tous vos essentiels</li>
</ul>
<p>&nbsp;</p>
<p><strong>DÉTAILS :</strong></p>
<ul>
<li>Matériau extérieur : 100% paille de papier pour un look estival authentique</li>
<li>Doublure intérieure : 100% coton pour un confort optimal</li>
<li>Poignée : 100% polyester pour une grande durabilité</li>
</ul>
<p>&nbsp;</p>
<p>Ajoutez une touche de vacances à votre quotidien avec ce sac en osier très tendance !</p>

<p>Sac en osier élégant avec des anses colorées contrastées pour un style estival toute l&#8217;année. Un compagnon spacieux pour la ville, la plage et le shopping &#8211; il offre de la place pour tout ce qui est important et se porte confortablement à l&#8217;épaule. </p>
