{"id":94931,"date":"2024-02-08T22:49:40","date_gmt":"2024-02-08T21:49:40","guid":{"rendered":"https:\/\/one-horizon.ch\/product\/evon-1-noir\/"},"modified":"2026-04-20T01:07:30","modified_gmt":"2026-04-19T23:07:30","slug":"evon-1-black","status":"publish","type":"product","link":"https:\/\/one-horizon.ch\/fr\/product\/evon-1-black\/","title":{"rendered":"Evon 1 &#8211; noir"},"content":{"rendered":"<p>Sac \u00e0 dos pour ordinateur portable Evon 1 &#8211; Flexibilit\u00e9 et style<\/p>\n<p>Le sac \u00e0 dos pour ordinateur portable Evon 1 est un v\u00e9ritable cam\u00e9l\u00e9on. Son design sobre s&#8217;adapte en fonction du contenu et du type de fermeture et reste toujours attrayant. Il offre beaucoup de place, y compris pour un ordinateur portable ou une tablette, gr\u00e2ce \u00e0 son int\u00e9rieur en coton r\u00e9sistant.<\/p>\n<p>Un sac \u00e0 dos id\u00e9al pour le quotidien et comme cabin-baggage en voyage. D\u00e9couvrez des produits lifestyle de qualit\u00e9 et des id\u00e9es de cadeaux tendance pour toutes les occasions. Le sac \u00e0 dos pour ordinateur portable Evon 1 &#8211; \u00e0 la fois \u00e9l\u00e9gant et fonctionnel.<\/p>\n<p><strong>Caract\u00e9ristiques<\/strong><\/p>\n<ul>\n<li>Taille : H51 x P13 x L31 cm<\/li>\n<li>litres : 20,5<\/li>\n<li>poids : 1.0 kg<\/li>\n<li>Cabin-Baggage<\/li>\n<li>Doublure : 100% coton r\u00e9sistant (fibre naturelle)<\/li>\n<li>Applications : cuir tann\u00e9 v\u00e9g\u00e9tal<\/li>\n<li>Housse ext\u00e9rieure : Canvas (fibre naturelle de coton), soft waxed (hydrofuge)<\/li>\n<li>fermeture \u00e9clair comme acc\u00e8s principal, boutons-pression lat\u00e9raux<\/li>\n<li>1 poign\u00e9e en coton (fibre naturelle)<\/li>\n<li>Bandouli\u00e8re : rembourr\u00e9e en toile (fibre naturelle de coton)<\/li>\n<li>Dos rembourr\u00e9<\/li>\n<li>Poche zipp\u00e9e \u00e0 l&#8217;arri\u00e8re<\/li>\n<li>Raccords : m\u00e9tal<\/li>\n<li>Int\u00e9rieur : Compartiment pour ordinateur portable jusqu&#8217;\u00e0 14 pouces<\/li>\n<li>compartiment pour tablette pouvant accueillir jusqu&#8217;\u00e0 10,5 pouces<\/li>\n<li>2 poches de rangement<\/li>\n<\/ul>\n","protected":false},"excerpt":{"rendered":"<p>Le sac Evon 1 de Margelisch est en toile cir\u00e9e avec une doublure en coton et des applications en cuir tann\u00e9 v\u00e9g\u00e9tal &#8211; 20,5 l, compatible avec les sacs de cabine, compartiment rembourr\u00e9 pour ordinateur portable de 14 pouces. Styl\u00e9 et adapt\u00e9 \u00e0 la vie quotidienne. Couleur : noir.  <\/p>\n","protected":false},"featured_media":99806,"comment_status":"open","ping_status":"closed","template":"","meta":{"_acf_changed":false},"product_brand":[3019],"product_cat":[867],"product_tag":[3295],"class_list":{"0":"post-94931","1":"product","2":"type-product","3":"status-publish","4":"has-post-thumbnail","6":"product_brand-margelisch","7":"product_cat-sacs-a-dos","8":"product_tag-pour-vous","9":"product_shipping_class-colis-jusqua-2-kg","11":"first","12":"onbackorder","13":"taxable","14":"shipping-taxable","15":"purchasable","16":"product-type-simple"},"acf":[],"_links":{"self":[{"href":"https:\/\/one-horizon.ch\/fr\/wp-json\/wp\/v2\/product\/94931","targetHints":{"allow":["GET"]}}],"collection":[{"href":"https:\/\/one-horizon.ch\/fr\/wp-json\/wp\/v2\/product"}],"about":[{"href":"https:\/\/one-horizon.ch\/fr\/wp-json\/wp\/v2\/types\/product"}],"replies":[{"embeddable":true,"href":"https:\/\/one-horizon.ch\/fr\/wp-json\/wp\/v2\/comments?post=94931"}],"wp:featuredmedia":[{"embeddable":true,"href":"https:\/\/one-horizon.ch\/fr\/wp-json\/wp\/v2\/media\/99806"}],"wp:attachment":[{"href":"https:\/\/one-horizon.ch\/fr\/wp-json\/wp\/v2\/media?parent=94931"}],"wp:term":[{"taxonomy":"product_brand","embeddable":true,"href":"https:\/\/one-horizon.ch\/fr\/wp-json\/wp\/v2\/product_brand?post=94931"},{"taxonomy":"product_cat","embeddable":true,"href":"https:\/\/one-horizon.ch\/fr\/wp-json\/wp\/v2\/product_cat?post=94931"},{"taxonomy":"product_tag","embeddable":true,"href":"https:\/\/one-horizon.ch\/fr\/wp-json\/wp\/v2\/product_tag?post=94931"}],"curies":[{"name":"wp","href":"https:\/\/api.w.org\/{rel}","templated":true}]}}

<p>Sac à dos pour ordinateur portable Evon 1 &#8211; Flexibilité et style</p>
<p>Le sac à dos pour ordinateur portable Evon 1 est un véritable caméléon. Son design sobre s&#8217;adapte en fonction du contenu et du type de fermeture et reste toujours attrayant. Il offre beaucoup de place, y compris pour un ordinateur portable ou une tablette, grâce à son intérieur en coton résistant.</p>
<p>Un sac à dos idéal pour le quotidien et comme cabin-baggage en voyage. Découvrez des produits lifestyle de qualité et des idées de cadeaux tendance pour toutes les occasions. Le sac à dos pour ordinateur portable Evon 1 &#8211; à la fois élégant et fonctionnel.</p>
<p><strong>Caractéristiques</strong></p>
<ul>
<li>Taille : H51 x P13 x L31 cm</li>
<li>litres : 20,5</li>
<li>poids : 1.0 kg</li>
<li>Cabin-Baggage</li>
<li>Doublure : 100% coton résistant (fibre naturelle)</li>
<li>Applications : cuir tanné végétal</li>
<li>Housse extérieure : Canvas (fibre naturelle de coton), soft waxed (hydrofuge)</li>
<li>fermeture éclair comme accès principal, boutons-pression latéraux</li>
<li>1 poignée en coton (fibre naturelle)</li>
<li>Bandoulière : rembourrée en toile (fibre naturelle de coton)</li>
<li>Dos rembourré</li>
<li>Poche zippée à l&#8217;arrière</li>
<li>Raccords : métal</li>
<li>Intérieur : Compartiment pour ordinateur portable jusqu&#8217;à 14 pouces</li>
<li>compartiment pour tablette pouvant accueillir jusqu&#8217;à 10,5 pouces</li>
<li>2 poches de rangement</li>
</ul>

<p>Le sac Evon 1 de Margelisch est en toile cirée avec une doublure en coton et des applications en cuir tanné végétal &#8211; 20,5 l, compatible avec les sacs de cabine, compartiment rembourré pour ordinateur portable de 14 pouces. Stylé et adapté à la vie quotidienne. Couleur : noir.  </p>
